Is 1449 a factor of 72839669?
False
Is 47690400 a multiple of 200?
True
Is 703 a factor of 55492711?
True
Does 152 divide 853602512?
True
Is 17357848 a multiple of 20?
False
Does 52 divide 3506202440?
True
Is 1694 a factor of 429522609?
False
Is 9507534 a multiple of 3?
True
Is 1374 a factor of 82054770?
False
Does 18 divide 379102281?
False
Is 1314245287 a multiple of 251?
True
Is 1031 a factor of 373970303?
False
Is 2077 a factor of 166156503?
False
Does 2184 divide 682368960?
True
Does 151 divide 282595297?
False
Is 1833 a factor of 48994257?
True
Does 3 divide 13423647?
True
Is 52 a factor of 1550536?
True
Is 369074830 a multiple of 117?
False
Is 8083035 a multiple of 15?
True
Is 4541718636 a multiple of 3276?
True
Does 700 divide 1185996?
False
Is 3 a factor of 11239518?
True
Is 50 a factor of 30110002?
False
Does 103 divide 5743882?
False
Is 2039 a factor of 50550888?
True
Is 7 a factor of 10307780?
True
Is 20623714 a multiple of 8?
False
Is 23 a factor of 130507359?
True
Is 82149254 a multiple of 407?
False
Is 4 a factor of 63279876?
True
Is 6535 a factor of 475936930?
False
Is 59800776 a multiple of 2954?
True
Is 176 a factor of 10060712?
False
Does 105 divide 418898822?
False
Is 94 a factor of 39997752?
True
Does 22 divide 33381810?
True
Does 14 divide 21807540?
False
Does 83 divide 60103276?
False
Is 700992053 a multiple of 300?
False
Is 118 a factor of 860417414?
True
Does 636 divide 50119344?
True
Does 26 divide 1210075394?
False
Is 67 a factor of 35205351?
True
Is 9 a factor of 1563160414?
False
Is 1598 a factor of 285323359?
False
Is 4740618 a multiple of 8?
False
Is 45346420 a multiple of 14?
True
Does 11 divide 280914?
False
Is 30062504 a multiple of 6?
False
Is 2772 a factor of 124726140?
True
Is 178 a factor of 134922932?
True
Is 56886878 a multiple of 349?
False
Is 9 a factor of 303371919?
True
Is 2 a factor of 38777?
False
Is 142 a factor of 8161587?
False
Is 773292464 a multiple of 477?
False
Is 151437600 a multiple of 80?
True
Does 39 divide 11976787?
False
Is 247978885 a multiple of 11?
True
Is 39889531 a multiple of 120?
False
Is 62568009 a multiple of 74?
False
Is 492 a factor of 165927000?
True
Is 4219 a factor of 780257834?
False
Is 136354626 a multiple of 2649?
True
Is 1093 a factor of 3438192803?
False
Is 214 a factor of 294775584?
True
Does 361 divide 178062743?
False
Is 815 a factor of 146059410?
True
Is 95641051 a multiple of 104?
False
Does 183 divide 41391065?
False
Is 20 a factor of 65995660?
True
Is 37689327 a multiple of 59?
False
Does 2288 divide 20747584?
True
Is 3398700 a multiple of 8?
False
Does 37 divide 162025886?
True
Is 661859718 a multiple of 638?
False
Is 320 a factor of 17503040?
True
Is 2143736771 a multiple of 3961?
True
Is 47435568 a multiple of 1104?
True
Is 1138 a factor of 148069614?
False
Does 1003 divide 1061355543?
True
Is 16951774 a multiple of 18?
False
Is 57277015 a multiple of 8?
False
Does 19 divide 56369960?
True
Is 114036098 a multiple of 10?
False
Is 54531658 a multiple of 1107?
False
Does 40 divide 154777913?
False
Is 6 a factor of 378546713?
False
Is 51 a factor of 186157803?
True
Is 1085304675 a multiple of 245?
True
Is 6 a factor of 12126210?
True
Is 22873434 a multiple of 13?
False
Is 14 a factor of 965229720?
True
Is 230 a factor of 513904870?
True
Is 547 a factor of 3724875?
False
Is 121 a factor of 982566343?
True
Does 23 divide 13325694?
True
Is 272069380 a multiple of 20?
True
Does 6 divide 14245757?
False
Does 6324 divide 1239891553?
False
Is 249 a factor of 518598184?
False
Does 5 divide 257059843?
False
Is 2826086511 a multiple of 527?
True
Is 305 a factor of 2008730?
True
Does 776 divide 2636848?
True
Is 1101 a factor of 22032822?
False
Is 75549375 a multiple of 2775?
True
Is 798488080 a multiple of 40?
True
Is 797099264 a multiple of 13?
True
Does 57 divide 202830071?
False
Is 63 a factor of 90061158?
False
Does 2386 divide 113860622?
False
Is 431912250 a multiple of 330?
True
Is 134200495 a multiple of 55?
True
Is 9 a factor of 28929699?
True
Is 5 a factor of 20991860?
True
Is 484 a factor of 79006224?
True
Is 45156836 a multiple of 244?
True
Is 3875 a factor of 421755919?
False
Does 55 divide 33710401?
False
Is 110 a factor of 26668477?
False
Is 231 a factor of 1606315095?
True
Is 29 a factor of 102170422?
True
Does 152 divide 234235800?
True
Is 324807631 a multiple of 98?
False
Does 309 divide 226421913?
True
Is 222 a factor of 16608976?
False
Is 45642034 a multiple of 9?
False
Is 636504731 a multiple of 29?
True
Is 26 a factor of 1265910762?
False
Is 28100788 a multiple of 110?
False
Is 37 a factor of 1744962143?
True
Is 66 a factor of 698566581?
False
Is 1859008 a multiple of 5?
False
Is 144 a factor of 228941619?
False
Does 7039 divide 52338082?
False
Is 27059640 a multiple of 2?
True
Is 4435 a factor of 304023685?
True
Is 217 a factor of 47069904?
True
Is 2068428 a multiple of 78?
False
Is 158925749 a multiple of 26?
False
Is 530 a factor of 87026199?
False
Is 17269884 a multiple of 94?
False
Is 555877426 a multiple of 82?
True
Does 189 divide 885936401?
False
Is 53531067 a multiple of 20?
False
Is 92 a factor of 315298255?
False
Is 952 a factor of 1063817160?
True
Is 12 a factor of 473939706?
False
Is 1374188 even?
True
Is 2616746592 a multiple of 96?
True
Is 3058 a factor of 3925288360?
False
Does 24 divide 284568000?
True
Is 14 a factor of 924064806?
True
Is 83260232 a multiple of 3839?
True
Is 88268668 a multiple of 1315?
False
Is 96 a factor of 10882272?
True
Is 54 a factor of 401526342?
True
Does 1033 divide 41747662?
True
Does 122 divide 1219874564?
False
Is 96328841 a multiple of 7?
True
Is 162935625 a multiple of 201?
True
Does 97 divide 844425352?
True
Is 46 a factor of 48820775?
False
Is 132 a factor of 180398196?
True
Is 76 a factor of 33466424?
False
Is 50059482 a multiple of 3?
True
Is 2542593516 a multiple of 12?
True
Is 5264360 a multiple of 1078?
False
Is 152138890 a multiple of 2599?
False
Does 3 divide 32524332?
True
Does 129 divide 14060542?
False
Does 4301 divide 895077450?
False
Does 24 divide 491686848?
True
Is 73859388 a multiple of 2406?
True
Is 372 a factor of 95434909?
False
Is 57437640 a multiple of 936?
True
Is 114639120 a multiple of 267?
True
Is 839 a factor of 22856038?
True
Is 29660570 a multiple of 3?
False
Is 55 a factor of 376287340?
True
Is 2479721076 a multiple of 602?
True
Is 8 a factor of 81463103?
False
Is 3467301367 a multiple of 58?
False
Is 192328935 a multiple of 24?
False
Is 368 a factor of 6937536?
True
Does 833 divide 8448301?
False
Is 180 a factor of 213870815?
False
Is 177 a factor of 181335307?
False
Is 9 a factor of 70935345?
True
Is 42 a factor of 59469354?
True
Is 1751 a factor of 17972264?
True
Is 86064328 a multiple of 14?
True
Is 430756640 a multiple of 6?
False
Does 99 divide 40671342?
False
Is 169 a factor of 97987052?
False
Is 97 a factor of 3038270?
False
Is 11 a factor of 1578884?
False
Is 122 a factor of 1012691123?
False
Is 813 a factor of 68121270?
True
Does 22 divide 234272615?
False
Does 13814 divide 374704750?
True
Is 185 a factor of 221157921?
False
Does 15 divide 790481750?
False
Is 47 a factor of 3312444756?
True
Is 195846538 a multiple of 100?
False
Does 488 divide 405040?
True
Does 226 divide 1232430884?
True
Is 215760644 a multiple of 1033?
True
Is 10 a factor of 16501760?
True
Does 8 divide 713104752?
True
Is 23435223 a multiple of 34?
False
Is 50 a factor of 2506399913?
False
Does 137 divide 1974103692?
True
Does 24 divide 22506521?
False
Is 386993694 a multiple of 3921?
False
Is 20 a factor of 84152035?
False
Is 373089408 a multiple of 8?
True
Is 11656 a factor of 2794093641?
False
Is 329 a factor of 75203216?
False
Does 389 divide 96067440?
True
Is 469 a factor of 48293868?
True
Is 1724 a factor of 472096702?
False
Is 30756583 a multiple of 22?
False
Is 2502 a factor of 569611041?
False
Is 680 a factor of 18182520?
True
Does 7 divide 1903894992?
False
Is 1100 a factor of 627332618?
False
Is 70 a factor of 499828326?
False
Does 104 divide 9087520?
True
Is 4156 a factor of 300333840?
False
Is 61 a factor of 233002750?
False
Is 3444 a factor of 64533672?
True
Does 1834 divide 202955942?
True
Is 418 a factor of 277270268?
True
Is 274 a factor of 275913653?
False
Is 106 a factor o